1 + -24?
-225
In base 16, what is 17 - b?
c
In base 13, what is 2 - -1299?
129b
In base 8, what is 1563 - -4?
1567
In base 10, what is -3148 + -3?
-3151
In base 13, what is -5c + -2?
-61
In base 5, what is -2340 + 1?
-2334
In base 6, what is -2442 + 3?
-2435
In base 12, what is 6 + b2?
b8
In base 8, what is -374 - 1?
-375
In base 8, what is 454 - -154?
630
In base 2, what is -10 - 101110?
-110000
In base 9, what is -73 + 3?
-70
In base 8, what is 7 + 366?
375
In base 11, what is 20a - 5?
205
In base 16, what is 1 - 3b?
-3a
In base 13, what is 3 + -1790?
-178a
In base 7, what is -1 + 136?
135
In base 12, what is -12 + 50?
3a
In base 12, what is 527 - 4?
523
In base 13, what is -16 - -96?
80
In base 4, what is 212 + 21?
233
In base 12, what is 2 - 339?
-337
In base 14, what is -24 - -5?
-1d
In base 9, what is 1626 - 10?
1616
In base 12, what is -4 + 52?
4a
In base 14, what is -69d - 5?
-6a4
In base 6, what is 1445 - 22?
1423
In base 11, what is -570 - 4?
-574
In base 10, what is -1 + -71?
-72
In base 11, what is 11 - -17?
28
In base 9, what is -3 + -64?
-67
In base 3, what is -110 + -122011?
-122121
In base 6, what is -3142 - 0?
-3142
In base 15, what is 36 - -e9?
130
In base 8, what is 0 - -4672?
4672
In base 16, what is -9 - -20?
17
In base 8, what is 100 + 5?
105
In base 9, what is -5 + -5772?
-5777
In base 15, what is 0 + -c2?
-c2
In base 2, what is -1 - -11010100?
11010011
In base 12, what is -11 - -1?
-10
In base 7, what is 2 + 242?
244
In base 10, what is 3 + 59?
62
In base 10, what is 12 + 94?
106
In base 11, what is 2 - -44?
46
In base 5, what is 12 - -14?
31
In base 16, what is -4 + 57?
53
In base 7, what is -301 + 2?
-266
In base 9, what is 34 + -20?
14
In base 7, what is 1 - -1115?
1116
In base 8, what is 2 - 10?
-6
In base 12, what is -4bb + 24?
-497
In base 16, what is -7c - 2c?
-a8
In base 13, what is 5c + -3b?
21
In base 3, what is -20110210 - -12?
-20110121
In base 7, what is -10 + 41?
31
In base 9, what is -15 + -351?
-366
In base 3, what is 1100 - -21210?
100010
In base 16, what is -73c + 0?
-73c
In base 12, what is 3 - 64?
-61
In base 13, what is 66 - -12?
78
In base 4, what is -2010 - -10?
-2000
In base 7, what is 3 - -36?
42
In base 16, what is -7 - 24?
-2b
In base 12, what is 6b2a - -2?
6b30
In base 12, what is 53 + -9?
46
In base 2, what is 10 - 100100?
-100010
In base 11, what is -127 + 4?
-123
In base 8, what is 16 + 5?
23
In base 8, what is -174 + -1?
-175
In base 2, what is -1001000001001 + 0?
-1001000001001
In base 5, what is -40 + -421?
-1011
In base 8, what is 71157 + 0?
71157
In base 6, what is 45 - 12?
33
In base 9, what is -4 + 325?
321
In base 7, what is -1 + 143?
142
In base 8, what is -4 + -202?
-206
In base 3, what is 2 + 22212?
22221
In base 8, what is 71 - -1?
72
In base 7, what is 1152 - 3?
1146
In base 10, what is -6 + -772?
-778
In base 14, what is -17 - 15c?
-175
In base 2, what is 111011 + -100?
110111
In base 6, what is 4 + 450?
454
In base 4, what is -2110 + 1?
-2103
In base 5, what is 4 + 444?
1003
In base 5, what is 10 - -43?
103
In base 13, what is -4532 - 2?
-4534
In base 16, what is -2 - -6?
4
In base 3, what is 2210021 - 1?
2210020
In base 4, what is 301 - -3?
310
In base 8, what is 1753 + -1?
1752
In base 4, what is -230 - -231?
1
In base 14, what is -6c - -4?
-68
In base 10, what is -6 + 2?
-4
In base 9, what is 85 - -2?
87
In base 8, what is 204 + -1?
203
In base 8, what is -554 - 1?
-555
In base 9, what is 5763 + -3?
5760
In base 16, what is d + -6?
7
In base 13, what is 5 + -ba9?
-ba4
In base 7, what is -45343 - 3?
-45346
In base 5, what is -10 + 31?
21
In base 9, what is -60740 - -2?
-60737
In base 5, what is -112 + -14?
-131
In base 13, what is 32 - 2?
30
In base 11, what is -3a10 - 5?
-3a15
In base 14, what is 12 + 137?
149
In base 5, what is 103 + 12442?
13100
In base 6, what is -15 - -310?
251
In base 13, what is -b6 - 0?
-b6
In base 11, what is -141 + 5?
-137
In base 12, what is -19 - -41?
24
In base 2, what is -100 + -100100000100?
-100100001000
In base 4, what is -2 + -1301?
-1303
In base 13, what is 4 + c33?
c37
In base 14, what is -24 - 10?
-34
In base 16, what is -27 - -6?
-21
In base 16, what is -a - -15?
b
In base 5, what is 2234 - 0?
2234
In base 16, what is -3 - 414?
-417
In base 15, what is -102 + 5?
-ec
In base 13, what is 16 - -2?
18
In base 16, what is 0 - -3d2?
3d2
In base 2, what is -111010011000 - 0?
-111010011000
In base 7, what is 102236 + 5?
102244
In base 11, what is 3 - 8?
-5
In base 2, what is -10100111 - -100?
-10100011
In base 2, what is -10001001100 + -11?
-10001001111
In base 14, what is -2c - -6c?
40
In base 8, what is -21 + 237?
216
In base 13, what is 3 + -54?
-51
In base 5, what is -121 - -3?
-113
In base 5, what is -11 - 1?
-12
In base 10, what is -3 - -59?
56
In base 4, what is -2322 + 211?
-2111
In base 10, what is 2 - -6201?
6203
In base 12, what is 0 + -596?
-596
In base 10, what is 9631 + 5?
9636
In base 5, what is 413 + 3?
421
In base 5, what is -2 + -10201?
-10203
In base 4, what is 2201 - 222?
1313
In base 15, what is 28 - 10?
18
In base 10, what is 4 - 445?
-441
In base 14, what is -50 - 0?
-50
In base 14, what is 1 + -168a?
-1689
In base 14, what is 5d + 3?
62
In base 8, what is -1164 + 3?
-1161
In base 11, what is -26 + -14?
-3a
In base 13, what is 5 + 386?
38b
In base 6, what is -1104 + 4?
-1100
In base 11, what is -37 - -51?
15
In base 13, what is c - -34?
43
In base 4, what is 1133322 + 1?
1133323
In base 6, what is 53201 + -2?
53155
In base 5, what is -12201 - 1?
-12202
In base 10, what is -4 + -1164?
-1168
In base 3, what is 10120 + -12?
10101
In base 2, what is 0 - -11011100?
11011100
In base 12, what is -5 + -398?
-3a1
In base 7, what is 33 + 12?
45
In base 12, what is 22 + -1a?
4
In base 10, what is 68 - -5?
73
In base 7, what is -4 + 1152?
1145
In base 2, what is -1100 - 1000001001?
-1000010101
In base 2, what is 101100000011111 - 10?
101100000011101
In base 3, what is 21022 + 121?
21220
In base 7, what is 136235 + -4?
136231
In base 15, what is -115 + 1?
-114
In base 8, what is 11 - -32?
43
In base 9, what is 4 + -2170?
-2165
In base 10, what is 801 + 3?
804
In base 3, what is 12 + 1120122?
1120211
In base 5, what is -10 + -420?
-430
In base 10, what is -5 + 18?
13
In base 13, what is -776 + -4?
-77a
In base 7, what is -5 - -201?
163
In base 2, what is -1110001100 - 10?
-1110001110
In base 14, what is 104 + -1?
103
In base 13, what is -2 + 55?
53
In base 6, what is 1 - 33?
-32
In base 11, what is 8 - 797?
-78a
In base 5, what is 1040133 + 1?
1040134
In base 3, what is 11101 + -21?
11010
In base 4, what is -221 - -23?
-132
In base 9, what is 3 - -1754?
1757
In base 10, what is -1592 + 0?
-1592
In base 6, what is -3 - 550?
-553
In base 9, what is -144 - -5?
-138
In base 8, what is 14714 - 1?
14713
In base 8, what is 1 + -1140?
-1137
In base 13, what is 7 - 36b?
-364
In base 5, what is 3 - 11?
-3
In base 15, what is a + -47?
-3c
In base 4, what is 212 + -11?
201
In base 11, what is 31 + 4?
35
In base 11, what is -235 - 3?
-238
In base 6, what is 43 + -24?
15
In base 16, what is -6 - 262?
-268
In base 15, what is 0 + 21?
21
In base 14, what is -69 - d?
-78
In base 8, what is 4 - -1571?
1575
In base 13, what is 16 + 4?
1a
In base 3, what is -1 - 11022101?
-11022102
In base 11, what is -7 + -127?
-133
In base 7, what is -1001 + 3?
-665
In base 3, what is -2 - 1120012?
-1120021
In base 16, what is 31 - -14a?
17b
In base 15, what is -5c - -1?
-5b
In base 16, what is -a1 + -5e?
-ff
In base 13, what is -9 + 38?
2c
In base 13, what is 0 + 18c6?
18c6
In base 8, what is 0 + 3275?
3275
In base 10, what is 4 - -320?
324
In base 5, what is 2 + 2032?
2034
In base 4, what is 2 + -321?
-313
In base 9, what is -20 - 11?
-31
In base 2, what is 110101100110 + 10?
110101101000
In base 3, what is 2 - -1022022?
1022101
In base 6, what is 1 + -20?
-15
In base 3, what is 12000 + 1?
12001
In base 14, what is -1d1 + 5?
-1ca
In base 15, what is -10 + 52?
42
In base 12, what is 5 - -843?
848
In base 10, what is 88 - 5?
83
In base 13, what is -4 - 59?
-60
In base 13, what is 20 - 14?
9
In base 6, what is 10120 - 5?
10111
In base 3, what is 1202022 + -12?
1202010
In base 5, what is -131 + -10?
-141
In base 9, what is 556 - 2?
554
In base 5, what is 201 + 111?